 is the remainder when 139085 is divided by 328?
13
What is the remainder when 69746 is divided by 1548?
86
Calculate the remainder when 1098587443 is divided by 15876.
15871
What is the remainder when 106922722 is divided by 17?
15
What is the remainder when 463095 is divided by 463083?
12
Calculate the remainder when 841544 is divided by 3.
2
What is the remainder when 7810060 is divided by 495?
445
Calculate the remainder when 593997 is divided by 1816.
165
What is the remainder when 448702 is divided by 3088?
942
Calculate the remainder when 4420084 is divided by 2123.
2121
Calculate the remainder when 11166765 is divided by 298.
109
Calculate the remainder when 1267314915 is divided by 14.
13
Calculate the remainder when 90408520 is divided by 1291550.
20
What is the remainder when 1318995 is divided by 2228?
19
Calculate the remainder when 5530022 is divided by 33.
14
What is the remainder when 1206943 is divided by 6897?
6865
What is the remainder when 1678301 is divided by 38140?
141
Calculate the remainder when 12042256 is divided by 33358.
18
What is the remainder when 1448437 is divided by 120678?
301
Calculate the remainder when 1374368 is divided by 49.
16
Calculate the remainder when 527230 is divided by 245.
235
Calculate the remainder when 883120 is divided by 156.
4
What is the remainder when 23055 is divided by 4234?
1885
What is the remainder when 952127 is divided by 119015?
7
What is the remainder when 13976037 is divided by 83?
82
Calculate the remainder when 668504 is divided by 17589.
122
What is the remainder when 406104 is divided by 2432?
2392
What is the remainder when 36300437 is divided by 2321?
2318
Calculate the remainder when 28330060 is divided by 163.
8
What is the remainder when 1159173 is divided by 31326?
111
Calculate the remainder when 64585047 is divided by 21528310.
117
What is the remainder when 1202842 is divided by 42955?
102
What is the remainder when 30679638 is divided by 100?
38
Calculate the remainder when 25203 is divided by 2424.
963
What is the remainder when 2621 is divided by 360?
101
Calculate the remainder when 840836 is divided by 220.
216
Calculate the remainder when 12891870 is divided by 12.
6
Calculate the remainder when 893325 is divided by 1904.
349
What is the remainder when 1708115 is divided by 2138?
1991
Calculate the remainder when 1957319 is divided by 978649.
21
What is the remainder when 111270 is divided by 1379?
950
What is the remainder when 126871 is divided by 126?
115
Calculate the remainder when 17256897 is divided by 8628385.
127
Calculate the remainder when 265443 is divided by 2413.
13
What is the remainder when 102306 is divided by 33919?
549
What is the remainder when 9271364 is divided by 216?
212
Calculate the remainder when 15897385 is divided by 2097.
28
Calculate the remainder when 272042 is divided by 181.
180
What is the remainder when 28544 is divided by 5277?
2159
Calculate the remainder when 9355794 is divided by 1902.
1758
What is the remainder when 56217 is divided by 9366?
21
What is the remainder when 15014 is divided by 515?
79
Calculate the remainder when 188841 is divided by 185777.
3064
Calculate the remainder when 1379390 is divided by 114948.
14
What is the remainder when 3694199 is divided by 21?
5
What is the remainder when 84571 is divided by 15213?
8506
Calculate the remainder when 784148 is divided by 7468.
8
Calculate the remainder when 136785126 is divided by 66.
60
What is the remainder when 738382 is divided by 123041?
136
Calculate the remainder when 85352 is divided by 15974.
5482
What is the remainder when 14122644 is divided by 163?
161
Calculate the remainder when 194083 is divided by 3481.
2628
Calculate the remainder when 40099864 is divided by 43.
42
Calculate the remainder when 70495003 is divided by 1785.
1783
What is the remainder when 5183734 is divided by 1036735?
59
Calculate the remainder when 1010808 is divided by 2872.
2736
Calculate the remainder when 15340 is divided by 3574.
1044
Calculate the remainder when 17310 is divided by 392.
62
What is the remainder when 2806691 is divided by 490?
461
Calculate the remainder when 262942 is divided by 2683.
8
What is the remainder when 22195325 is divided by 9530?
9485
Calculate the remainder when 4974966 is divided by 490.
486
What is the remainder when 2662380 is divided by 283?
199
Calculate the remainder when 62305669 is divided by 4207.
4206
What is the remainder when 58504 is divided by 540?
184
Calculate the remainder when 319258 is divided by 1053.
199
What is the remainder when 69858 is divided by 34842?
174
Calculate the remainder when 198471316 is divided by 276.
268
Calculate the remainder when 669087 is divided by 51362.
1381
Calculate the remainder when 27003 is divided by 6597.
615
Calculate the remainder when 68272 is divided by 1246.
988
Calculate the remainder when 6798096 is divided by 2165.
2161
What is the remainder when 33689672 is divided by 19?
12
Calculate the remainder when 64414 is divided by 1298.
812
Calculate the remainder when 53143079 is divided by 17714357.
8
What is the remainder when 6622 is divided by 1568?
350
What is the remainder when 108641723 is divided by 1121?
8
What is the remainder when 35234525 is divided by 184?
181
Calculate the remainder when 262191 is divided by 274.
247
What is the remainder when 129548060 is divided by 273?
5
What is the remainder when 4890639 is divided by 620?
79
Calculate the remainder when 4359934 is divided by 1822.
1710
Calculate the remainder when 161181 is divided by 335.
46
What is the remainder when 15239193 is divided by 252?
249
Calculate the remainder when 29404217 is divided by 10.
7
Calculate the remainder when 10597204 is divided by 5298600.
4
Calculate the remainder when 20359229 is divided by 10179610.
9
What is the remainder when 87119 is divided by 4584?
23
What is the remainder when 78907810 is divided by 34?
32
What is the remainder when 5631403 is divided by 50?
3
What is the remainder when 177441 is divided by 6115?
106
What is the remainder when 97725 is divided by 31309?
3798
What is the remainder when 10004066 is divided by 1612?
1606
Calculate the remainder when 76557044 is divided by 1444472.
28
What is the remainder when 344609 is divided by 43060?
129
Calculate the remainder when 165087 is divided by 16312.
1967
What is the remainder when 815739 is divided by 815672?
67
What is the remainder when 586121 is divided by 117223?
6
What is the remainder when 73422 is divided by 1835?
22
Calculate the remainder when 472935 is divided by 472921.
14
Calculate the remainder when 2914134 is divided by 1652.
6
Calculate the remainder when 1337028 is divided by 95.
93
What is the remainder when 3394692 is divided by 45?
27
What is the remainder when 47027 is divided by 1344?
1331
What is the remainder when 267825 is divided by 967?
933
Calculate the remainder when 777439 is divided by 8349.
982
What is the remainder when 805314 is divided by 6883?
3
Calculate the remainder when 49078092 is divided by 1533690.
12
Calculate the remainder when 321823 is divided by 2118.
2005
What is the remainder when 638662 is divided by 36?
22
Calculate the remainder when 48132560 is divided by 678.
662
Calculate the remainder when 29382415 is divided by 70801.
0
What is the remainder when 102983 is divided by 1453?
1273
Calculate the remainder when 15984321 is divided by 87346.
3
Calculate the remainder when 208400 is divided by 690.
20
What is the remainder when 52138790 is divided by 11?
0
What is the remainder when 863315148 is divided by 232?
228
Calculate the remainder when 6660393 is divided by 2220128.
9
Calculate the remainder when 5506257 is divided by 166841.
504
Calculate the remainder when 641373 is divided by 1069.
1042
Calculate the remainder when 133225 is divided by 772.
441
Calculate the remainder when 256691 is divided by 327.
323
What is the remainder when 803996 is divided by 283?
276
Calculate the remainder when 622851 is divided by 3068.
47
What is the remainder when 15527369 is divided by 5175782?
23
What is the remainder when 179697612 is divided by 332?
288
What is the remainder when 4316321 is divided by 24?
17
What is the remainder when 419449 is divided by 1406?
461
What